NOAA-Style Climate Reports

Select a Year or Month report
2018: Jan Feb Mar Apr May Jun Jul Aug Sep Oct Nov Dec
2017: Jan Feb Mar Apr May Jun Jul Aug Sep Oct Nov Dec
2016: Jan Feb Mar Apr May Jun Jul Aug Sep Oct Nov Dec
2015: Jan Feb Mar Apr May Jun Jul Aug Sep Oct Nov Dec
2014: Jan Feb Mar Apr May Jun Jul Aug Sep Oct Nov Dec

Report for 2018 February
                   Monthly Climatological Summary for Feb 2018

Name: Rons Weather Station   City: Lakewood   State: CO
Elevation: 5582 ft  Lat: N 39° 41' 56"   Lon: W 105° 06' 27"

                  Temperature (°F), Rain (in), Wind Speed (mph)

                                      Heat  Cool        Avg
    Mean                              Deg   Deg         Wind                 Dom
Day Temp  High   Time   Low    Time   Days  Days  Rain  Speed High   Time    Dir
----------------------------------------------------------------------------------
 1  27.3  31.2   16:28  22.5   23:51   0.0   9.0  0.00   1.5  10.0   08:24   NNE
 2  37.6  55.2   15:33  21.6   01:03   0.0  19.3  0.00   1.2  11.0   15:50   ENE
 3  49.3  59.1   14:42  33.9   01:37   0.0  31.0  0.00   4.7  29.0   11:17    NW
 4  27.6  46.6   00:00  15.0   09:59   0.4   9.6  0.00   2.4  22.0   05:06   SSE
 5  41.9  53.0   02:58  25.4   23:57   0.0  23.6  0.00   6.2  38.0   05:42    NW
 6  34.1  49.9   15:01  23.7   01:56   0.0  15.8  0.00   1.8  14.0   17:07    NE
 7  40.8  56.2   14:24  23.6   07:20   0.0  22.4  0.00   3.6  23.0   14:55    NW
 8  49.3  61.0   14:49  35.1   02:36   0.0  31.0  0.00   3.4  28.0   09:53   WNW
 9  32.1  52.9   00:43  17.5   22:35   0.1  13.9  0.00   2.9  16.0   16:06   NNE
10  15.7  18.1   21:45  13.1   23:56   2.6   0.0  0.00   1.3   9.0   01:44     N
11  24.8  45.7   15:49   6.9   03:17   2.7   9.3  0.17   1.6  12.0   11:39   SSE
12  19.7  25.1   00:00  16.8   10:32   0.1   1.6  0.00   2.4  16.0   05:08     N
13  36.5  58.2   15:30  16.1   03:57   0.1  18.4  0.00   1.3  10.0   11:44    NE
14  47.8  65.4   13:06  30.9   05:15   0.0  29.4  0.00   4.2  31.0   10:45   WSW
15  37.8  48.4   13:16  22.3   23:59   0.0  19.3  0.00   3.1  17.0   16:53     E
16  30.2  42.0   15:28  16.6   07:10   0.1  11.9  0.09   1.3  24.0   23:59   SSE
17  42.3  56.0   14:52  30.0   06:45   0.0  24.0  0.00   2.7  26.0   02:01    SW
18  47.9  67.1   13:01  25.2   23:58   0.0  29.6  0.00   4.1  34.0   14:33     W
19  14.0  25.2   00:00   7.4   23:57   4.7   0.4  0.00   2.5  10.0   00:24    NE
20   8.6  15.7   16:21   1.7   04:50   9.7   0.0  0.02   1.2   9.0   01:14   ENE
21  14.3  27.2   13:37   0.8   07:03   5.3   1.9  0.10   1.4  10.0   14:22   ENE
22  22.0  24.9   14:46   0.0   14:46   0.0   1.5  0.00   1.1  14.0   14:30     N
----------------------------------------------------------------------------------
    31.9  67.1    18     0.0    22    25.8 322.9  0.38   2.6  38.0     5     NNW

Max >=  27.0: 17
Max <=   0.0:  0
Min <=   0.0:  1
Min <= -18.0:  0
Max Rain: 0.17 on day 11
Days of Rain: 0 (>= 0.20 in)  0 (>= 2.00 in)  0 (>= 20.00 in)
Heat Base: 18.3  Cool Base: 18.3  Method: Integration